{"id":371,"date":"2013-03-24T19:53:51","date_gmt":"2013-03-24T19:53:51","guid":{"rendered":"http:\/\/media1.kulturpedagogik.se\/2013\/03\/Min-v\u00e4n-Gil-en-historia-utifr\u00e5n-Arbus.pdf"},"modified":"2013-03-24T19:53:51","modified_gmt":"2013-03-24T19:53:51","slug":"min-van-gil-en-historia-utifran-arbus","status":"inherit","type":"attachment","link":"http:\/\/kulturpedagogik.se\/?attachment_id=371","title":{"rendered":"Min v\u00e4n Gil &#8211; en historia utifr\u00e5n Arbus"},"author":1,"featured_media":0,"comment_status":"open","ping_status":"open","template":"","meta":{"jetpack_post_was_ever_published":false},"class_list":["post-371","attachment","type-attachment","status-inherit","hentry"],"jetpack_sharing_enabled":true,"jetpack_shortlink":"https:\/\/wp.me\/a7YLN2-5Z","description":{"rendered":"<p class=\"attachment\"><a href='http:\/\/media1.kulturpedagogik.se\/2013\/03\/Min-v\u00e4n-Gil-en-historia-utifr\u00e5n-Arbus.pdf'>Min v\u00e4n Gil - en historia utifr\u00e5n Arbus<\/a><\/p>\n"},"caption":{"rendered":"<p>Min v&auml;n Gil &#8211; en historia utifr&aring;n Arbus<\/p>\n<p class=\"more-link-p\"><a class=\"more-link\" href=\"http:\/\/kulturpedagogik.se\/?attachment_id=371\">Read more &rarr;<\/a><\/p>\n"},"alt_text":"","media_type":"file","mime_type":"application\/pdf","media_details":{},"post":363,"source_url":"http:\/\/media1.kulturpedagogik.se\/2013\/03\/Min-v\u00e4n-Gil-en-historia-utifr\u00e5n-Arbus.pdf","_links":{"self":[{"href":"http:\/\/kulturpedagogik.se\/index.php?rest_route=\/wp\/v2\/media\/371","targetHints":{"allow":["GET"]}}],"collection":[{"href":"http:\/\/kulturpedagogik.se\/index.php?rest_route=\/wp\/v2\/media"}],"about":[{"href":"http:\/\/kulturpedagogik.se\/index.php?rest_route=\/wp\/v2\/types\/attachment"}],"author":[{"embeddable":true,"href":"http:\/\/kulturpedagogik.se\/index.php?rest_route=\/wp\/v2\/users\/1"}],"replies":[{"embeddable":true,"href":"http:\/\/kulturpedagogik.se\/index.php?rest_route=%2Fwp%2Fv2%2Fcomments&post=371"}],"wp:attached-to":[{"embeddable":true,"post_type":"post","id":363,"href":"http:\/\/kulturpedagogik.se\/index.php?rest_route=\/wp\/v2\/posts\/363"}],"curies":[{"name":"wp","href":"https:\/\/api.w.org\/{rel}","templated":true}]}}

http://media1.kulturpedagogik.se/2013/03/Min-vän-Gil-en-historia-utifrån-Arbus.pdf

Min vän Gil &#8211; en historia utifrån Arbus

<p class="attachment"><a href='http://media1.kulturpedagogik.se/2013/03/Min-vän-Gil-en-historia-utifrån-Arbus.pdf'>Min vän Gil - en historia utifrån Arbus</a></p>
